{"id":30,"date":"2012-08-19T00:28:36","date_gmt":"2012-08-19T00:28:36","guid":{"rendered":"https:\/\/curso.mirop.dev.br\/?page_id=30"},"modified":"2025-11-02T19:22:50","modified_gmt":"2025-11-02T22:22:50","slug":"apostilas","status":"publish","type":"page","link":"https:\/\/curso.mirop.dev.br\/?page_id=30","title":{"rendered":"Apostilas"},"content":{"rendered":"<hr \/>\n<p><strong><span style=\"color: #ff0000;\">ATEN\u00c7\u00c3O: Aguardem as novas apostilas, decorrentes da altera\u00e7\u00e3o da legisla\u00e7\u00e3o<\/span><\/strong>!<\/p>\n<p><span style=\"color: #ff0000;\"><a style=\"color: #ff0000;\" href=\"https:\/\/curso.mirop.dev.br\/?page_id=28\" target=\"_blank\">Veja a legisla\u00e7\u00e3o completa aqui<\/a><\/span><\/p>\n<p><span style=\"color: #000000;\">Apostila 1 \u2013 Legisla\u00e7\u00e3o de Telecomunica\u00e7\u00f5es \u2013 Anatel<\/span><\/p>\n<p><span style=\"color: #000000;\"><a style=\"color: #000000;\" href=\"http:\/\/www.labre-sp.org.br\/docs\/manuais\/apostila%20de%20etica%20e%20procedimentos%20operacionais%20da%20IARU%20traduzida.pdf\" target=\"_blank\">Apostila de \u00e9tica e procedimentos operacionais da IARU traduzida.pdf<\/a><\/span><\/p>\n<p><span style=\"color: #000000;\">Cortesia: LABRE-SP &#8211; <a style=\"color: #000000;\" href=\"http:\/\/www.labre-sp.org.br\/index.php?xid=\/docs\/manuais\/\" target=\"_blank\">http:\/\/www.labre-sp.org.br\/index.php?xid=\/docs\/manuais\/<\/a><\/span><\/p>\n<p>&nbsp;<\/p>\n","protected":false},"excerpt":{"rendered":"<p>ATEN\u00c7\u00c3O: Aguardem as novas apostilas, decorrentes da altera\u00e7\u00e3o da legisla\u00e7\u00e3o! Veja a legisla\u00e7\u00e3o completa aqui Apostila 1 \u2013 Legisla\u00e7\u00e3o de Telecomunica\u00e7\u00f5es \u2013 Anatel Apostila de \u00e9tica e procedimentos operacionais da IARU traduzida.pdf Cortesia: LABRE-SP &#8211; http:\/\/www.labre-sp.org.br\/index.php?xid=\/docs\/manuais\/ &nbsp;<\/p>\n","protected":false},"author":2,"featured_media":0,"parent":0,"menu_order":0,"comment_status":"open","ping_status":"open","template":"","meta":{"footnotes":""},"class_list":["post-30","page","type-page","status-publish","hentry"],"_links":{"self":[{"href":"https:\/\/curso.mirop.dev.br\/index.php?rest_route=\/wp\/v2\/pages\/30","targetHints":{"allow":["GET"]}}],"collection":[{"href":"https:\/\/curso.mirop.dev.br\/index.php?rest_route=\/wp\/v2\/pages"}],"about":[{"href":"https:\/\/curso.mirop.dev.br\/index.php?rest_route=\/wp\/v2\/types\/page"}],"author":[{"embeddable":true,"href":"https:\/\/curso.mirop.dev.br\/index.php?rest_route=\/wp\/v2\/users\/2"}],"replies":[{"embeddable":true,"href":"https:\/\/curso.mirop.dev.br\/index.php?rest_route=%2Fwp%2Fv2%2Fcomments&post=30"}],"version-history":[{"count":8,"href":"https:\/\/curso.mirop.dev.br\/index.php?rest_route=\/wp\/v2\/pages\/30\/revisions"}],"predecessor-version":[{"id":388,"href":"https:\/\/curso.mirop.dev.br\/index.php?rest_route=\/wp\/v2\/pages\/30\/revisions\/388"}],"wp:attachment":[{"href":"https:\/\/curso.mirop.dev.br\/index.php?rest_route=%2Fwp%2Fv2%2Fmedia&parent=30"}],"curies":[{"name":"wp","href":"https:\/\/api.w.org\/{rel}","templated":true}]}}