{"id":28,"date":"2012-08-19T00:27:34","date_gmt":"2012-08-19T00:27:34","guid":{"rendered":"https:\/\/curso.mirop.dev.br\/?page_id=28"},"modified":"2025-11-02T19:57:39","modified_gmt":"2025-11-02T22:57:39","slug":"legislacao","status":"publish","type":"page","link":"https:\/\/curso.mirop.dev.br\/?page_id=28","title":{"rendered":"Legisla\u00e7\u00e3o"},"content":{"rendered":"<p style=\"text-align: justify;\">A\u00a0<span style=\"color: #ff0000;\"><a style=\"color: #ff0000;\" href=\"https:\/\/www.gov.br\/anatel\/pt-br\" target=\"_blank\">Ag\u00eancia Nacional de Telecomunica\u00e7\u00f5es<\/a>\u00a0&#8211; Anatel<\/span> publicou no dia 28\/04\/2025 a Resolu\u00e7\u00e3o\u00a0n\u00ba\u00a0\u00a0777\/2025, que trata do Regulamento Geral dos Servi\u00e7os de Telecomunica\u00e7\u00f5es. O Radioamadorismo est\u00e1 incluso no novo regulamento, e seu texto traz importantes mudan\u00e7as ao radioamador, como a elimina\u00e7\u00e3o da prova de <span style=\"color: #ff0000;\"><a style=\"color: #ff0000;\" href=\"https:\/\/curso.mirop.dev.br\/?page_id=35\" target=\"_blank\">CW (telegrafia)<\/a><\/span>.<\/p>\n<p style=\"text-align: justify;\"><strong>O SERVI\u00c7O RADIOAMADOR<\/strong><\/p>\n<p style=\"text-align: justify;\"><span style=\"color: #000000;\">O Servi\u00e7o Radioamador \u00e9 o servi\u00e7o de telecomunica\u00e7\u00f5es aplic\u00e1vel ao radioamadorismo. O objetivo principal do servi\u00e7o \u00e9 a instru\u00e7\u00e3o t\u00e9cnica, intercomunica\u00e7\u00e3o e investiga\u00e7\u00f5es t\u00e9cnicas, contudo, o radioamadorismo vai muito al\u00e9m dos servi\u00e7os de telecomunica\u00e7\u00f5es. \u00c9 considerado o laborat\u00f3rio de telecom, onde muitas das pesquisas e projetos se iniciam. \u00c9 assegurado ao radioamador a experimenta\u00e7\u00e3o, a investiga\u00e7\u00e3o t\u00e9cnica e at\u00e9 mesmo a fabrica\u00e7\u00e3o de seus pr\u00f3prios equipamentos. O <strong>Radioamador<\/strong>, operador habilitado para executar o servi\u00e7o, passa por avalia\u00e7\u00e3o a fim de atestar a capacidade t\u00e9cnica m\u00ednima necess\u00e1ria ao ingresso na atividade e assegurar os preceitos t\u00e9cnicos e diretrizes de telecomunica\u00e7\u00f5es.<\/span><\/p>\n<p style=\"text-align: justify;\"><span style=\"color: #000000;\">Entre as diversas atividades praticadas pelo radioamador no desempenho das telecomunica\u00e7\u00f5es, temos as investiga\u00e7\u00f5es t\u00e9cnicas, explora\u00e7\u00e3o de novas tecnologias, intercomunica\u00e7\u00e3o, desenvolvimento de novos projetos, expedi\u00e7\u00f5es, intera\u00e7\u00e3o e colabora\u00e7\u00e3o com a sociedade, opera\u00e7\u00f5es de seguran\u00e7a e mitiga\u00e7\u00e3o de risco \u00e0 vida, defesa civil, concursos e contestes, forma\u00e7\u00e3o de redes de radioamador com voz e dados, radiolocaliza\u00e7\u00e3o e muito mais.<\/span><\/p>\n<p style=\"text-align: justify;\"><span style=\"color: #000000;\">Por defini\u00e7\u00e3o, o Servi\u00e7o Radioamador \u00e9 um servi\u00e7o de telecomunica\u00e7\u00f5es de interesse restrito, destinado ao treinamento pr\u00f3prio, intercomunica\u00e7\u00e3o e investiga\u00e7\u00f5es t\u00e9cnicas, levadas a efeito por amadores, devidamente autorizados, interessados na radiot\u00e9cnica unicamente a t\u00edtulo pessoal e que n\u00e3o visem qualquer objetivo pecuni\u00e1rio ou comercial.<\/span><\/p>\n<p style=\"text-align: justify;\"><span style=\"color: #000000;\"><strong>PASSOS PARA LICENCIAR ESTA\u00c7\u00c3O DE RADIOAMADOR<\/strong><\/span><\/p>\n<p style=\"text-align: justify;\"><span style=\"color: #000000;\">Para ter uma esta\u00e7\u00e3o licenciada do Servi\u00e7o Radioamador, e esta receber um indicativo de chamada, siga os tr\u00eas passos abaixo:<\/span><\/p>\n<p style=\"text-align: justify;\"><span style=\"color: #ff0000;\"><a class=\"external-link\" style=\"color: #ff0000;\" title=\"Passo 1 - Habilita\u00e7\u00e3o\" href=\"https:\/\/www.gov.br\/anatel\/pt-br\/regulado\/outorga\/radioamador-e-radio-cidadao\/habilitacao-do-radioamador\" target=\"_blank\" data-tippreview-enabled=\"false\" data-tippreview-image=\"\" data-tippreview-title=\"\">Passo 1 &#8211; Habilita\u00e7\u00e3o do Radioamador<\/a><\/span><\/p>\n<p style=\"text-align: justify;\"><span style=\"color: #ff0000;\"><a class=\"external-link\" style=\"color: #ff0000;\" title=\"Passo 2 - Outorga do Servi\u00e7o Radioamador\" href=\"https:\/\/www.gov.br\/anatel\/pt-br\/regulado\/outorga\/radioamador-e-radio-cidadao\/outorga-do-radioamador\" target=\"_blank\" data-tippreview-enabled=\"false\" data-tippreview-image=\"\" data-tippreview-title=\"\">Passo 2 &#8211; Outorga do Radioamador<\/a><\/span><\/p>\n<p style=\"text-align: justify;\"><span style=\"color: #ff0000;\"><a class=\"external-link\" style=\"color: #ff0000;\" title=\"Passo 3 - Licenciamento de Esta\u00e7\u00f5es do Radioamador\" href=\"https:\/\/www.gov.br\/anatel\/pt-br\/regulado\/outorga\/radioamador-e-radio-cidadao\/licenciamento-de-estacoes-do-radioamador\" target=\"_blank\" data-tippreview-enabled=\"false\" data-tippreview-image=\"\" data-tippreview-title=\"\">Passo 3 &#8211; Licenciamento do Radioamador<\/a><\/span><\/p>\n<p style=\"text-align: justify;\"><span style=\"color: #000000;\"><strong>REGULAMENTA\u00c7\u00c3O<\/strong><\/span><\/p>\n<p style=\"text-align: justify;\"><span style=\"color: #000000;\">O Regulamento do Servi\u00e7o de Radioamador foi aprovado pela\u00a0Resolu\u00e7\u00e3o\u00a0<span style=\"color: #ff0000;\"><a class=\"external-link\" style=\"color: #ff0000;\" title=\"Veja a Resolu\u00e7\u00e3o 777\/2025\" href=\"https:\/\/informacoes.anatel.gov.br\/legislacao\/component\/content\/article\/170-resolucoes\/2025\/2022-resolucao-777\" target=\"_blank\" data-tippreview-enabled=\"false\" data-tippreview-image=\"\" data-tippreview-title=\"\">Anatel n\u00ba 777, de 28 de abril de 2025<\/a><\/span>.<\/span><\/p>\n<p style=\"text-align: justify;\"><span style=\"color: #000000;\">A atribui\u00e7\u00e3o\/destina\u00e7\u00e3o das frequ\u00eancias e a aprova\u00e7\u00e3o do regulamento do uso destas pelo Radioamador e pelos demais servi\u00e7os de telecomunica\u00e7\u00f5es est\u00e1 na\u00a0<span style=\"color: #ff0000;\"><a class=\"external-link\" style=\"color: #ff0000;\" href=\"https:\/\/informacoes.anatel.gov.br\/legislacao\/resolucoes\/2025\/2001-resolucao-772\" target=\"_blank\" data-tippreview-enabled=\"true\" data-tippreview-image=\"\" data-tippreview-title=\"\" data-tippy=\"\" data-original-title=\"Veja a Resolu\u00e7\u00e3o 772\/2025\">Resolu\u00e7\u00e3o n\u00ba 772, de 16\/01\/2025<\/a><\/span>.<\/span><\/p>\n<p style=\"text-align: justify;\"><span style=\"color: #000000;\">As caracter\u00edsticas b\u00e1sicas, o plano de faixas e a canaliza\u00e7\u00e3o est\u00e3o no\u00a0<span style=\"color: #ff0000;\"><a class=\"external-link\" style=\"color: #ff0000;\" href=\"https:\/\/informacoes.anatel.gov.br\/legislacao\/atos-de-requisitos-tecnicos-de-gestao-do-espectro\/2024\/1919-ato-926\" target=\"_blank\" rel=\"noopener noreferrer\" data-tippreview-enabled=\"true\" data-tippreview-image=\"\" data-tippreview-title=\"\" data-tippy=\"\" data-original-title=\"Veja o Ato n\u00ba 926\/2024\">Ato n\u00ba 926, de 01\/02\/2024<\/a><\/span>.<\/span><\/p>\n<p style=\"text-align: justify;\"><span style=\"color: #000000;\">O Regulamento de Uso do Espectro Radioel\u00e9trico se aplica ao Radioamador e a todos os servi\u00e7os que utilizam espectro de radiofrequ\u00eancias, tendo sido aprovado pela\u00a0<span style=\"color: #ff0000;\"><a class=\"external-link\" style=\"color: #ff0000;\" href=\"https:\/\/informacoes.anatel.gov.br\/legislacao\/resolucoes\/2016\/911-resolu%C3%A7%C3%A3o-671\" target=\"_blank\" data-tippreview-enabled=\"true\" data-tippreview-image=\"\" data-tippreview-title=\"\" data-tippy=\"\" data-original-title=\"RUER\">Resolu\u00e7\u00e3o n\u00ba 671, de 3 de novembro de 2016<\/a><\/span>.<\/span><\/p>\n<p style=\"text-align: justify;\"><span style=\"color: #000000;\">O Regulamento sobre a Avalia\u00e7\u00e3o da Exposi\u00e7\u00e3o Humana a Campos El\u00e9tricos, Magn\u00e9ticos e Eletromagn\u00e9ticos se aplica a qualquer esta\u00e7\u00e3o transmissora de telecomunica\u00e7\u00f5es, e foi aprovado pela\u00a0<span style=\"color: #ff0000;\"><a class=\"external-link\" style=\"color: #ff0000;\" title=\"REHCE - Radia\u00e7\u00e3o N\u00e3o Ionizante\" href=\"https:\/\/informacoes.anatel.gov.br\/legislacao\/resolucoes\/2018\/1161-resolucao-700\" target=\"_blank\" data-tippreview-enabled=\"false\" data-tippreview-image=\"\" data-tippreview-title=\"\">Resolu\u00e7\u00e3o n\u00ba 700, de 28 de setembro de 2018<\/a><\/span><\/span><\/p>\n<p style=\"text-align: justify;\"><span style=\"color: #000000;\">Para outros documentos e Regulamentos gerados pela ag\u00eancia, use a\u00a0\u00a0<span style=\"color: #ff0000;\"><a class=\"external-link\" style=\"color: #ff0000;\" title=\"Documentos pertinentes ao Radioamador\" href=\"https:\/\/informacoes.anatel.gov.br\/legislacao\/component\/search\/index.php?ordering=newest&amp;searchphrase=all&amp;limit=10&amp;searchword=Radioamador\" target=\"_blank\" data-tippreview-enabled=\"false\" data-tippreview-image=\"\" data-tippreview-title=\"Documentos pertinentes ao Radioamador\">Busca de documentos na ANATEL<\/a><\/span><\/span><\/p>\n<p style=\"text-align: justify;\"><span style=\"color: #000000;\"><strong>OUTROS DISPOSITIVOS LEGAIS PERTINENTES AO SERVI\u00c7O RADIOAMADOR<\/strong><\/span><\/p>\n<p class=\" \" style=\"text-align: justify;\"><span style=\"color: #000000;\"><a class=\"external-link\" style=\"color: #000000;\" title=\"Lei ada Antena\" href=\"https:\/\/legislacao.presidencia.gov.br\/atos\/?tipo=LEI&amp;numero=8919&amp;ano=1994&amp;ato=678c3aE50dJpWT941\" target=\"_blank\" data-tippreview-enabled=\"false\" data-tippreview-image=\"\" data-tippreview-title=\"\">Lei n\u00ba 8.919, de 15 de julho de 1994<\/a>\u00a0&#8211;\u00a0<small><\/small>Lei da Antena<\/span><\/p>\n<p style=\"text-align: justify;\" align=\"CENTER\"><span style=\"color: #000000;\"><a class=\"external-link\" style=\"color: #000000;\" title=\"Lei da Radia\u00e7\u00e3o n\u00e3o Ionizante\" href=\"https:\/\/legislacao.presidencia.gov.br\/atos\/?tipo=LEI&amp;numero=11934&amp;ano=2009&amp;ato=cd0g3ZE90dVpWTbb7\" target=\"_blank\" data-tippreview-enabled=\"false\" data-tippreview-image=\"\" data-tippreview-title=\"\">Lei n\u00ba 11.934, de 5 de maio de 2009<\/a>\u00a0&#8211; Lei da Exposi\u00e7\u00e3o Humana a Campos El\u00e9tricos, Magn\u00e9ticos e Eletromagn\u00e9ticos<\/span><\/p>\n<p style=\"text-align: justify;\" align=\"CENTER\"><span style=\"color: #000000;\"><a class=\"external-link\" style=\"color: #000000;\" title=\"RENER\" href=\"https:\/\/www.gov.br\/mdr\/pt-br\/assuntos\/protecao-e-defesa-civil\/informacoes-uteis\/portaria_302_cria_a_rener_24102001.pdf\" target=\"_blank\" data-tippreview-enabled=\"false\" data-tippreview-image=\"\" data-tippreview-title=\"\">Portaria MIN n\u00ba\u00a0<span class=\"external-link\"><span dir=\"ltr\">302, de 24 de outobro de 2001<\/span><\/span><\/a><span dir=\"ltr\">\u00a0&#8211; Rede Nacional de Emerg\u00eancia de Radioamadores<\/span><\/span><\/p>\n<p style=\"text-align: justify;\" align=\"CENTER\"><span style=\"color: #000000;\"><a class=\"external-link\" style=\"color: #000000;\" href=\"https:\/\/www.planalto.gov.br\/ccivil_03\/_ato2015-2018\/2015\/lei\/l13116.htm\" target=\"_blank\" data-tippreview-enabled=\"true\" data-tippreview-image=\"\" data-tippreview-title=\"\" data-tippy=\"\" data-original-title=\"Lei Geral das Antenas\">Lei n\u00ba 13.116, de 20 de abril de 2015<\/a>\u00a0&#8211; Lei Geral das Antenas<\/span><\/p>\n<p style=\"text-align: justify;\" align=\"CENTER\"><span style=\"color: #000000;\"><a class=\"external-link\" style=\"color: #000000;\" title=\"Decreto-Lei n\u00ba 5.628\/1943\" href=\"https:\/\/www2.camara.leg.br\/legin\/fed\/declei\/1940-1949\/decreto-lei-5628-29-junho-1943-415798-publicacaooriginal-1-pe.html\" target=\"_blank\" data-tippreview-enabled=\"false\" data-tippreview-image=\"\" data-tippreview-title=\"\">Decreto-Lei n\u00ba 5.628, de 29 de Junho de 1943<\/a>\u00a0&#8211; Radioamadores como Reserva das For\u00e7as Armadas<\/span><\/p>\n<p style=\"text-align: justify;\"><span style=\"color: #000000;\"><strong>INFORMA\u00c7\u00d5ES ADICIONAIS SOBRE O SERVI\u00c7O RADIOAMADOR<\/strong><\/span><\/p>\n<p style=\"text-align: justify;\"><span style=\"color: #000000;\">Veja as<strong>\u00a0<\/strong><span style=\"color: #ff0000;\"><a class=\"external-link\" style=\"color: #ff0000;\" title=\"Taxas do Radioamador\" href=\"https:\/\/www.gov.br\/anatel\/pt-br\/regulado\/outorga\/radioamador-e-radio-cidadao\/taxas-do-radioamador\" target=\"_blank\" data-tippreview-enabled=\"false\" data-tippreview-image=\"\" data-tippreview-title=\"\">Taxas cobradas para o Servi\u00e7o Radioamador<\/a><\/span><strong>.<\/strong><\/span><\/p>\n<p style=\"text-align: justify;\"><span style=\"color: #000000;\">Veja as<span style=\"color: #ff0000;\">\u00a0<a class=\"external-link\" style=\"color: #ff0000;\" title=\"Homologa\u00e7\u00e3o para Radioamador\" href=\"https:\/\/www.gov.br\/anatel\/pt-br\/regulado\/outorga\/radioamador-e-radio-cidadao\/homologacao-para-radioamador\" target=\"_blank\" data-tippreview-enabled=\"false\" data-tippreview-image=\"\" data-tippreview-title=\"\">Informa\u00e7\u00f5es para homologar seu equipamento<\/a><\/span>.<\/span><\/p>\n<p style=\"text-align: justify;\"><span style=\"color: #000000;\">O Radioamador brasileiro devidamente autorizado poder\u00e1 operar tamb\u00e9m em alguns pa\u00edses americanos que fazem parte do CITEL, requerendo uma licen\u00e7a m\u00f3vel especial chamada\u00a0IARP\u00a0<em>(International Amateur Radio Permission)<\/em>, de acordo com o estabelecido na\u00a0<span style=\"color: #ff0000;\"><a class=\"external-link\" style=\"color: #ff0000;\" title=\"Veja a conven\u00e7\u00e3o na Organiza\u00e7\u00e3o dos Estados Americanos\" href=\"http:\/\/www.oas.org\/juridico\/portuguese\/treaties\/A-62.htm\" target=\"_blank\" rel=\"noopener noreferrer\" data-tippreview-enabled=\"false\" data-tippreview-image=\"\" data-tippreview-title=\"\">Conven\u00e7\u00e3o Interamericana Sobre a Permiss\u00e3o Internacional de Radioamador<\/a><\/span>.<\/span><\/p>\n<p style=\"text-align: justify;\"><span style=\"color: #000000;\">H\u00e1 v\u00e1rios acordos celebrados entre o Brasil e outros pa\u00edses, relacionados ao Servi\u00e7o Radioamador. Para saber mais, acesse o reposit\u00f3rio do servi\u00e7o\u00a0<span style=\"color: #ff0000;\"><a class=\"external-link\" style=\"color: #ff0000;\" title=\"Veja Radioamador no Itamaraty\" href=\"https:\/\/concordia.itamaraty.gov.br\/pesquisa?TituloAcordo=radioamador&amp;tipoPesquisa=1&amp;TipoAcordo=BL,TL,ML\" target=\"_blank\" rel=\"noopener noreferrer\" data-tippreview-enabled=\"false\" data-tippreview-image=\"\" data-tippreview-title=\"\">Conc\u00f3rdia<\/a><\/span>, no s\u00edtio eletr\u00f4nico do Minist\u00e9rio das rela\u00e7\u00f5es Exteriores (MRE).<\/span><\/p>\n<p style=\"text-align: justify;\"><span style=\"color: #000000;\">As entidades autorizadas do servi\u00e7o, nos termos do regulamento, tamb\u00e9m podem operar sat\u00e9lites de radioamador, tamb\u00e9m conhecidos como &#8220;Pequenos Sat\u00e9lites&#8221;, ou &#8220;<em>Cubesats<\/em>&#8220;. O uso de sat\u00e9lites no Servi\u00e7o Radioamador pode potencialmente extrapolar os limites geogr\u00e1ficos nacionais, assim segue as regras gerais da Uni\u00e3o Internacional de Telecomunica\u00e7\u00f5es (UIT) para uso de sat\u00e9lites.\u00a0<small><\/small>Para maiores informa\u00e7\u00f5es sobre o uso de sat\u00e9lites de radioamador em rela\u00e7\u00e3o ao Brasil e os procedimentos preparat\u00f3rios antes do lan\u00e7amento, consulte\u00a0<span style=\"color: #ff0000;\"><a class=\"internal-link\" style=\"color: #ff0000;\" href=\"https:\/\/www.gov.br\/anatel\/pt-br\/regulado\/satelite\/pequenos-satelites\" target=\"_blank\" rel=\"noopener noreferrer\" data-tippreview-image=\"\" data-tippreview-title=\"\" data-tippreview-enabled=\"true\" data-tippy=\"\">Pequenos Sat\u00e9lites<\/a><\/span><\/span><\/p>\n<hr \/>\n<p style=\"text-align: justify;\">\n","protected":false},"excerpt":{"rendered":"<p>A\u00a0Ag\u00eancia Nacional de Telecomunica\u00e7\u00f5es\u00a0&#8211; Anatel publicou no dia 28\/04\/2025 a Resolu\u00e7\u00e3o\u00a0n\u00ba\u00a0\u00a0777\/2025, que trata do Regulamento Geral dos Servi\u00e7os de Telecomunica\u00e7\u00f5es. O Radioamadorismo est\u00e1 incluso no novo regulamento, e seu texto traz importantes mudan\u00e7as ao radioamador, como a elimina\u00e7\u00e3o da prova de CW (telegrafia). O SERVI\u00c7O RADIOAMADOR O Servi\u00e7o Radioamador \u00e9 o servi\u00e7o de telecomunica\u00e7\u00f5es aplic\u00e1vel [&hellip;]<\/p>\n","protected":false},"author":2,"featured_media":0,"parent":0,"menu_order":0,"comment_status":"open","ping_status":"open","template":"","meta":{"footnotes":""},"class_list":["post-28","page","type-page","status-publish","hentry"],"_links":{"self":[{"href":"https:\/\/curso.mirop.dev.br\/index.php?rest_route=\/wp\/v2\/pages\/28","targetHints":{"allow":["GET"]}}],"collection":[{"href":"https:\/\/curso.mirop.dev.br\/index.php?rest_route=\/wp\/v2\/pages"}],"about":[{"href":"https:\/\/curso.mirop.dev.br\/index.php?rest_route=\/wp\/v2\/types\/page"}],"author":[{"embeddable":true,"href":"https:\/\/curso.mirop.dev.br\/index.php?rest_route=\/wp\/v2\/users\/2"}],"replies":[{"embeddable":true,"href":"https:\/\/curso.mirop.dev.br\/index.php?rest_route=%2Fwp%2Fv2%2Fcomments&post=28"}],"version-history":[{"count":12,"href":"https:\/\/curso.mirop.dev.br\/index.php?rest_route=\/wp\/v2\/pages\/28\/revisions"}],"predecessor-version":[{"id":398,"href":"https:\/\/curso.mirop.dev.br\/index.php?rest_route=\/wp\/v2\/pages\/28\/revisions\/398"}],"wp:attachment":[{"href":"https:\/\/curso.mirop.dev.br\/index.php?rest_route=%2Fwp%2Fv2%2Fmedia&parent=28"}],"curies":[{"name":"wp","href":"https:\/\/api.w.org\/{rel}","templated":true}]}}