{"id":20,"date":"2012-08-19T00:18:22","date_gmt":"2012-08-19T00:18:22","guid":{"rendered":"https:\/\/curso.mirop.dev.br\/?page_id=20"},"modified":"2025-11-02T19:45:58","modified_gmt":"2025-11-02T22:45:58","slug":"a-licenca-de-estacao","status":"publish","type":"page","link":"https:\/\/curso.mirop.dev.br\/?page_id=20","title":{"rendered":"Licen\u00e7a de Esta\u00e7\u00e3o"},"content":{"rendered":"<hr \/>\n<p><a href=\"https:\/\/curso.mirop.dev.br\/wp-content\/uploads\/2014\/08\/image004.png\"><img loading=\"lazy\" decoding=\"async\" class=\"alignnone wp-image-76\" src=\"https:\/\/curso.mirop.dev.br\/wp-content\/uploads\/2014\/08\/image004-300x207.png\" alt=\"image004\" width=\"620\" height=\"428\" srcset=\"https:\/\/curso.mirop.dev.br\/wp-content\/uploads\/2014\/08\/image004-300x207.png 300w, https:\/\/curso.mirop.dev.br\/wp-content\/uploads\/2014\/08\/image004.png 540w\" sizes=\"auto, (max-width: 620px) 100vw, 620px\" \/><\/a><\/p>\n<p style=\"text-align: justify;\"><strong><span style=\"color: #000000;\">Como obter autoriza\u00e7\u00e3o para o uso do Servi\u00e7o de R\u00e1dio do Cidad\u00e3o\u00a0<\/span><\/strong><strong><span style=\"color: #000000;\">e do Servi\u00e7o de Radioamador<\/span><\/strong><\/p>\n<p style=\"text-align: justify;\"><span style=\"color: #000000;\">1) Informa\u00e7\u00f5es Gerais:<\/span><\/p>\n<p style=\"text-align: justify;\"><span style=\"color: #000000;\">a) O <strong>Servi\u00e7o R\u00e1dio do Cidad\u00e3o<\/strong> conhecido como PX \u00e9 desde 10\/08\/2020 regulamentado pela Anatel nos termos da\u00a0<span style=\"color: #ff0000;\"><a style=\"color: #ff0000;\" href=\"https:\/\/informacoes.anatel.gov.br\/legislacao\/resolucoes\/2020\/1382-resolucao-720\" target=\"_blank\">Resolu\u00e7\u00e3o n\u00ba 720, de 10 de fevereiro de 2020<\/a><\/span>, sendo que os equipamentos desse servi\u00e7o s\u00e3o classificados como &#8220;Radia\u00e7\u00e3o Restrita&#8221; e dispensados de autoriza\u00e7\u00e3o (veja a\u00a0<span style=\"color: #ff0000;\"><a style=\"color: #ff0000;\" href=\"https:\/\/informacoes.anatel.gov.br\/legislacao\/resolucoes\/2017\/936-resolucao-680\" target=\"_blank\">Resolu\u00e7\u00e3o n\u00ba 680, de 27 de junho de 2017<\/a><\/span>). O Servi\u00e7o R\u00e1dio do Cidad\u00e3o \u00e9 um servi\u00e7o de radiocomunica\u00e7\u00f5es de uso compartilhado para comunicados entre esta\u00e7\u00f5es fixas e\/ou m\u00f3veis, realizados por pessoas naturais (f\u00edsicas), utilizando o espectro de frequ\u00eancias compreendido entre 26,96 MHz e 27,61 MHz.<\/span><\/p>\n<p style=\"text-align: justify;\"><span style=\"color: #000000;\">[Anteriormente estava previsto pela Norma 01A\/80, aprovada pela antiga Portaria n\u00b0 218-MC, de 23\/09\/1980 e Resolu\u00e7\u00e3o n\u00ba 578, de 06\/12\/2011.]<\/span><\/p>\n<p style=\"text-align: justify;\"><span style=\"color: #000000;\">b) Quanto ao <strong>Servi\u00e7o de Radioamador <\/strong>esse \u00e9 regulamentado pela Resolu\u00e7\u00e3o da Anatel n\u00ba\u00a0\u00a0777, de 28\/04\/2025, que trata do Regulamento Geral dos Servi\u00e7os de Telecomunica\u00e7\u00f5es. H\u00e1 importantes mudan\u00e7as ao radioamador, como a elimina\u00e7\u00e3o da prova de CW (telegrafia). Para executar este servi\u00e7o se faz necess\u00e1rio que o interessado seja titular do <span style=\"color: #ff0000;\"><a style=\"color: #ff0000;\" href=\"https:\/\/curso.mirop.dev.br\/?page_id=18\" target=\"_blank\">Certificado de Operador de Esta\u00e7\u00e3o de Radioamador &#8211; COER<\/a><\/span>.<\/span><\/p>\n<p style=\"text-align: justify;\"><span style=\"color: #000000;\">c) Para obter o COER, o interessado deve se submeter a exames de capacita\u00e7\u00e3o operacional e t\u00e9cnica, realizado de acordo com agenda prevista pela Anatel. O Escrit\u00f3rio Regional ou a Unidade Operacional da Anatel mais pr\u00f3xima de sua resid\u00eancia, est\u00e3o em condi\u00e7\u00f5es de dar maiores informa\u00e7\u00f5es.<\/span><\/p>\n<p style=\"text-align: justify;\"><span style=\"color: #000000;\">2) Visando a desburocratizar e agilizar os procedimentos de autoriza\u00e7\u00f5es para os Servi\u00e7os Radioamador e Radio do Cidad\u00e3o, existem duas op\u00e7\u00f5es para obter a autoriza\u00e7\u00e3o:<\/span><\/p>\n<p style=\"text-align: justify;\"><span style=\"color: #000000;\">a) via &#8220;internet&#8221; <span style=\"color: #ff0000;\"><a style=\"color: #ff0000;\" href=\"https:\/\/www.gov.br\/anatel\/pt-br\" target=\"_blank\">www.anatel.gov.br<\/a><\/span> permitindo assim que o interessado obtenha a autoriza\u00e7\u00e3o de suas esta\u00e7\u00f5es em sua pr\u00f3pria resid\u00eancia ou ambiente de trabalho. O usu\u00e1rio deve se auto-cadastrar no sistema de seguran\u00e7a (SIS) no primeiro acesso; ou<\/span><\/p>\n<p style=\"text-align: justify;\"><span style=\"color: #000000;\">b) por meio de formul\u00e1rio encontrado no endere\u00e7o <span style=\"color: #ff0000;\"><a style=\"color: #ff0000;\" href=\"https:\/\/www.gov.br\/anatel\/pt-br\" target=\"_blank\">www.anatel.gov.br<\/a><\/span>, Servi\u00e7os de Telecomunica\u00e7\u00f5es &#8211; Formul\u00e1rios &#8211; Formul\u00e1rio de Servi\u00e7os Privados &#8211; Requerimento Servi\u00e7o R\u00e1dio do Cidad\u00e3o ou Radioamador, ao qual dever\u00e1 ser juntada c\u00f3pia autenticada da Carteira de Identidade (RG) e o n\u00famero do Cadastro das Pessoas F\u00edsicas (CPF), e enviar para Anatel do seu Estado.<\/span><\/p>\n<p style=\"text-align: justify;\"><span style=\"color: #000000;\">3) Para explora\u00e7\u00e3o dos servi\u00e7os em quest\u00e3o e da licen\u00e7a para funcionamento da esta\u00e7\u00e3o dever\u00e3o ser pagos encargos e taxas. Consulte.<\/span><\/p>\n<hr \/>\n<p style=\"text-align: justify;\"><span style=\"color: #000000;\">O Radioamador brasileiro devidamente autorizado poder\u00e1 operar tamb\u00e9m em alguns pa\u00edses americanos que fazem parte do CITEL, requerendo uma licen\u00e7a m\u00f3vel especial chamada\u00a0<strong>IARP<\/strong>\u00a0<em>(International Amateur Radio Permission)<\/em>, de acordo com o estabelecido na Conven\u00e7\u00e3o Interamericana sobre a <span style=\"color: #ff0000;\"><a style=\"color: #ff0000;\" href=\"http:\/\/www.oas.org\/juridico\/portuguese\/treaties\/A-62.htm\" target=\"_blank\">Permiss\u00e3o Internacional de Radioamador<\/a><\/span>.<\/span><\/p>\n","protected":false},"excerpt":{"rendered":"<p>Como obter autoriza\u00e7\u00e3o para o uso do Servi\u00e7o de R\u00e1dio do Cidad\u00e3o\u00a0e do Servi\u00e7o de Radioamador 1) Informa\u00e7\u00f5es Gerais: a) O Servi\u00e7o R\u00e1dio do Cidad\u00e3o conhecido como PX \u00e9 desde 10\/08\/2020 regulamentado pela Anatel nos termos da\u00a0Resolu\u00e7\u00e3o n\u00ba 720, de 10 de fevereiro de 2020, sendo que os equipamentos desse servi\u00e7o s\u00e3o classificados como &#8220;Radia\u00e7\u00e3o [&hellip;]<\/p>\n","protected":false},"author":2,"featured_media":0,"parent":0,"menu_order":0,"comment_status":"open","ping_status":"open","template":"","meta":{"footnotes":""},"class_list":["post-20","page","type-page","status-publish","hentry"],"_links":{"self":[{"href":"https:\/\/curso.mirop.dev.br\/index.php?rest_route=\/wp\/v2\/pages\/20","targetHints":{"allow":["GET"]}}],"collection":[{"href":"https:\/\/curso.mirop.dev.br\/index.php?rest_route=\/wp\/v2\/pages"}],"about":[{"href":"https:\/\/curso.mirop.dev.br\/index.php?rest_route=\/wp\/v2\/types\/page"}],"author":[{"embeddable":true,"href":"https:\/\/curso.mirop.dev.br\/index.php?rest_route=\/wp\/v2\/users\/2"}],"replies":[{"embeddable":true,"href":"https:\/\/curso.mirop.dev.br\/index.php?rest_route=%2Fwp%2Fv2%2Fcomments&post=20"}],"version-history":[{"count":31,"href":"https:\/\/curso.mirop.dev.br\/index.php?rest_route=\/wp\/v2\/pages\/20\/revisions"}],"predecessor-version":[{"id":396,"href":"https:\/\/curso.mirop.dev.br\/index.php?rest_route=\/wp\/v2\/pages\/20\/revisions\/396"}],"wp:attachment":[{"href":"https:\/\/curso.mirop.dev.br\/index.php?rest_route=%2Fwp%2Fv2%2Fmedia&parent=20"}],"curies":[{"name":"wp","href":"https:\/\/api.w.org\/{rel}","templated":true}]}}