{"id":108,"date":"2012-08-19T19:15:28","date_gmt":"2012-08-19T19:15:28","guid":{"rendered":"https:\/\/curso.mirop.dev.br\/?page_id=108"},"modified":"2022-01-07T15:06:49","modified_gmt":"2022-01-07T18:06:49","slug":"perguntas-frequentes-faqs","status":"publish","type":"page","link":"https:\/\/curso.mirop.dev.br\/?page_id=108","title":{"rendered":"Perguntas &#8211; FAQs"},"content":{"rendered":"<hr \/>\n<p><span style=\"color: #000000;\"><strong>FAQ &#8211; Frequently Asked Question<\/strong>:<\/span><\/p>\n<p><span style=\"color: #000000;\"><strong>1<\/strong>. Que frases se usam mais para come\u00e7ar um chamado?<\/span><\/p>\n<p><span style=\"color: #000000;\">R: <strong>Usualmente faz-se um chamado duplo para chamar geral<\/strong>,<strong> chamar qualquer esta\u00e7\u00e3o<\/strong>: <strong>CQ <\/strong><strong>CQ<\/strong>de<strong> PY2GET PY2GET<\/strong>&#8230;.;<strong> CQ CQ <\/strong>de<strong> PY2GET PY2GET GO <\/strong>(convite a transmitir), ou<strong> passo \u00e0 escuta<\/strong>.<\/span><\/p>\n<p><span style=\"color: #000000;\"><strong>2<\/strong>. Devo falar &#8220;c\u00e2mbio&#8221; ao terminar de falar?<\/span><\/p>\n<p><span style=\"color: #000000;\">R: <strong>No final do c\u00e2mbio tamb\u00e9m usa-se <\/strong>\u201c<strong>ROGER<\/strong>\u201d(recebido),<strong> passando-se o c\u00e2mbio<\/strong>.<\/span><\/p>\n<p><span style=\"color: #000000;\"><strong>3<\/strong>. Por que se fala &#8220;copiei&#8221;, &#8220;copiou\u201d ?<\/span><\/p>\n<p><span style=\"color: #000000;\">R: <strong>No radioamadorismo brasileiro diz-se<\/strong>:<strong> copiou? n\u00e3o copiei!<\/strong>,<strong> que significam<\/strong>:\u201c<strong>entendeu<\/strong>?\u201d ou \u201c<strong>n\u00e3o entendi<\/strong>!\u201d.<\/span><\/p>\n<p><span style=\"color: #000000;\"><strong>Internacionalmente emprega-se o QSL<\/strong>:<strong> tudo entendido<\/strong>, <strong>confirmado<\/strong>. <strong>Na forma afirmativa <\/strong>( <strong>QSL !<\/strong> ), ou<strong> questionando <\/strong>(<strong> QSL ?<\/strong> ).<\/span><\/p>\n<p><span style=\"color: #000000;\">Conhe\u00e7a o <a href=\"http:\/\/www.labre-sp.org.br\/docs\/manuais\/apostila%20de%20etica%20e%20procedimentos%20operacionais%20da%20IARU%20traduzida.pdf\" target=\"_blank\"><span style=\"color: #000000;\">C\u00f3digo de \u00c9tica e Procedimentos Operacionais<\/span><\/a> da IARU, em portugu\u00eas.<\/span><\/p>\n<div id=\"icpbravoaccess_loaded\"><\/div>\n","protected":false},"excerpt":{"rendered":"<p>FAQ &#8211; Frequently Asked Question: 1. Que frases se usam mais para come\u00e7ar um chamado? R: Usualmente faz-se um chamado duplo para chamar geral, chamar qualquer esta\u00e7\u00e3o: CQ CQde PY2GET PY2GET&#8230;.; CQ CQ de PY2GET PY2GET GO (convite a transmitir), ou passo \u00e0 escuta. 2. Devo falar &#8220;c\u00e2mbio&#8221; ao terminar de falar? R: No final [&hellip;]<\/p>\n","protected":false},"author":2,"featured_media":0,"parent":0,"menu_order":0,"comment_status":"open","ping_status":"open","template":"","meta":{"footnotes":""},"class_list":["post-108","page","type-page","status-publish","hentry"],"_links":{"self":[{"href":"https:\/\/curso.mirop.dev.br\/index.php?rest_route=\/wp\/v2\/pages\/108","targetHints":{"allow":["GET"]}}],"collection":[{"href":"https:\/\/curso.mirop.dev.br\/index.php?rest_route=\/wp\/v2\/pages"}],"about":[{"href":"https:\/\/curso.mirop.dev.br\/index.php?rest_route=\/wp\/v2\/types\/page"}],"author":[{"embeddable":true,"href":"https:\/\/curso.mirop.dev.br\/index.php?rest_route=\/wp\/v2\/users\/2"}],"replies":[{"embeddable":true,"href":"https:\/\/curso.mirop.dev.br\/index.php?rest_route=%2Fwp%2Fv2%2Fcomments&post=108"}],"version-history":[{"count":7,"href":"https:\/\/curso.mirop.dev.br\/index.php?rest_route=\/wp\/v2\/pages\/108\/revisions"}],"predecessor-version":[{"id":316,"href":"https:\/\/curso.mirop.dev.br\/index.php?rest_route=\/wp\/v2\/pages\/108\/revisions\/316"}],"wp:attachment":[{"href":"https:\/\/curso.mirop.dev.br\/index.php?rest_route=%2Fwp%2Fv2%2Fmedia&parent=108"}],"curies":[{"name":"wp","href":"https:\/\/api.w.org\/{rel}","templated":true}]}}